mposite?
True
Is 811799 composite?
False
Is 192739 a composite number?
True
Is 3346441 a composite number?
True
Is 1637 prime?
True
Is 16649 a composite number?
False
Is 15527 composite?
False
Is 21209 composite?
True
Is 1424749 a composite number?
False
Is 104369 a composite number?
False
Is 70289 a prime number?
True
Is 12011 prime?
True
Is 4121 a composite number?
True
Is 2953 prime?
True
Is 695737 composite?
True
Is 46261 prime?
True
Is 110059 composite?
False
Is 286109 composite?
True
Is 37241 a prime number?
False
Is 549623 a prime number?
True
Is 2554 composite?
True
Is 46481 a composite number?
True
Is 24829 a prime number?
False
Is 1810621 a prime number?
False
Is 18037 composite?
True
Is 48407 a prime number?
True
Is 260966 prime?
False
Is 147647 composite?
False
Is 148429 a composite number?
False
Is 34381 a composite number?
False
Is 3161 prime?
False
Is 893509 prime?
True
Is 14999 a composite number?
True
Is 887 prime?
True
Is 53069 a prime number?
True
Is 6637 a prime number?
True
Is 3203 a prime number?
True
Is 3979 a composite number?
True
Is 18643 prime?
False
Is 78877 composite?
False
Is 1389431 a composite number?
False
Is 3253099 a composite number?
True
Is 7195 prime?
False
Is 13963 composite?
False
Is 1303886 a composite number?
True
Is 169241 a prime number?
True
Is 427637 composite?
True
Is 2159 a prime number?
False
Is 60589 a composite number?
False
Is 254623 prime?
True
Is 12301 composite?
False
Is 29122 prime?
False
Is 53617 composite?
False
Is 188191 prime?
False
Is 3261 composite?
True
Is 2293 composite?
False
Is 36241 composite?
False
Is 190126 prime?
False
Is 50033 composite?
False
Is 4430101 a composite number?
True
Is 9413 a prime number?
True
Is 575987 prime?
True
Is 75209 composite?
False
Is 33109 composite?
True
Is 139021 a composite number?
False
Is 11147 composite?
True
Is 553 prime?
False
Is 734455 a prime number?
False
Is 28789 a composite number?
False
Is 5281463 a prime number?
False
Is 25811 prime?
False
Is 117527 a prime number?
False
Is 2757 a prime number?
False
Is 55201 a prime number?
True
Is 25649 composite?
True
Is 88589 a composite number?
False
Is 499623 prime?
False
Is 17863 prime?
True
Is 42551 composite?
True
Is 1397359 a composite number?
False
Is 101791 prime?
False
Is 644629 composite?
False
Is 135827 a composite number?
True
Is 16603 a composite number?
False
Is 106693 a prime number?
True
Is 35339 prime?
True
Is 895517 composite?
True
Is 166099 a prime number?
True
Is 18287 a composite number?
False
Is 208433 prime?
True
Is 4937 a composite number?
False
Is 1319 a composite number?
False
Is 612893 a prime number?
False
Is 398451 composite?
True
Is 25573 a composite number?
True
Is 411883 prime?
True
Is 69 prime?
False
Is 2346987 a composite number?
True
Is 301943 a prime number?
True
Is 146513 composite?
False
Is 11863 composite?
False
Is 9271 prime?
False
Is 11147 a composite number?
True
Is 563 prime?
True
Is 25729 composite?
True
Is 398887 a composite number?
False
Is 437027 prime?
False
Is 1256149 a composite number?
False
Is 7387 a composite number?
True
Is 4119 composite?
True
Is 5969 a prime number?
False
Is 19835 composite?
True
Is 45089 prime?
False
Is 253049 prime?
True
Is 49133 a prime number?
False
Is 57521 composite?
True
Is 12227 a prime number?
True
Is 87179 composite?
False
Is 7561 prime?
True
Is 79942 prime?
False
Is 348709 composite?
False
Is 305431 composite?
True
Is 3802 prime?
False
Is 2203 composite?
False
Is 887 a composite number?
False
Is 333977 a composite number?
True
Is 49727 prime?
True
Is 247573 composite?
True
Is 38459 a composite number?
False
Is 3487 a composite number?
True
Is 21118 prime?
False
Is 11215 prime?
False
Is 103057 a composite number?
True
Is 6841 a prime number?
True
Is 667 prime?
False
Is 23649 a composite number?
True
Is 121843 prime?
True
Is 90659 composite?
False
Is 577817 composite?
False
Is 10243 a composite number?
False
Is 588229 composite?
False
Is 225265 a composite number?
True
Is 3107 composite?
True
Is 685961 a composite number?
True
Is 920393 a composite number?
False
Is 29901 composite?
True
Is 158581 composite?
False
Is 707305 a composite number?
True
Is 13289 a prime number?
False
Is 261697 prime?
True
Is 23957 prime?
True
Is 367957 a prime number?
True
Is 1287899 a prime number?
True
Is 44171 composite?
False
Is 8501 composite?
False
Is 5263 prime?
False
Is 44839 a prime number?
True
Is 1511 a composite number?
False
Is 10801 prime?
False
Is 32081 composite?
True
Is 59111 prime?
False
Is 11474 prime?
False
Is 2609 composite?
False
Is 31627 composite?
False
Is 77339 prime?
True
Is 7901 composite?
False
Is 4411 a prime number?
False
Is 27721 composite?
True
Is 510157 prime?
True
Is 10267 a prime number?
True
Is 63034 composite?
True
Is 24643 composite?
True
Is 1594241 a prime number?
False
Is 2391089 a composite number?
False
Is 2857 a prime number?
True
Is 794 composite?
True
Is 569451 composite?
True
Is 223 a prime number?
True
Is 21621 a composite number?
True
Is 29487 a composite number?
True
Is 24989 composite?
False
Is 1437817 prime?
True
Is 9017 a prime number?
False
Is 1014763 a prime number?
True
Is 787 composite?
False
Is 211411 prime?
False
Is 13093 composite?
False
Is 220283 a prime number?
False
Is 158 a prime number?
False
Is 2881547 a prime number?
True
Is 454039 a composite number?
False
Is 26813 a composite number?
False
Is 11863 composite?
False
Is 112643 a prime number?
True
Is 16661 a composite number?
False
Is 33973 a composite number?
True
Is 65507 a prime number?
False
Is 32707 a composite number?
False
Is 47993 a prime number?
False
Is 2503 prime?
True
Is 197061 prime?
False
Is 3353 prime?
False
Is 58889 a prime number?
True
Is 11159 a composite number?
False
Is 173193 prime?
False
Is 102059 a prime number?
True
Is 3587 a prime number?
False
Is 1067 prime?
False
Is 116111 a prime number?
False
Is 26627 a prime number?
True
Is 77999 a composite number?
False
Is 50981 composite?
True
Is 14218 a composite number?
True
Is 19997 a prime number?
True
Is 898 composite?
True
Is 1478261 a prime number?
False
Is 169549 a composite number?
True
Is 140037 a prime number?
False
Is 3463 a composite number?
False
Is 15349 a composite number?
False
Is 733591 composite?
False
Is 1081267 composite?
True
Is 3809 a prime number?
False
Is 4049 prime?
True
Is 24469 a prime number?
True
Is 9467 a composite number?
False
Is 758 composite?
True
Is 1827205 a prime number?
False
Is 3793 a prime number?
True
Is 65407 composite?
False
Is 16589 a prime number?
False
Is 3463 a composite number?
False
Is 875939 composite?
True
Is 28343 a prime number?
False
Is 2411 a prime number?
True
Is 129871 a composite number?
True
Is 255209 composite?
False
Is 16163 a composite number?
True
Is 133891 prime?
False
Is 1937 prime?
False
Is 3877 composite?
False
Is 28123 a prime number?
True
Is 341813 prime?
True
Is 21961 a prime number?
True
Is 604697 a prime number?
True
Is 34793 prime?
False
Is 78635 a composite number?
True
Is 114941 composite?
False
Is 3181 composite?
False
Is 73567 prime?
False
Is 63197 a prime number?
True
Is 51551 prime?
True
Is 615129 prime?
False
Is 357299 a composite number?
True
Is 17783 a prime number?
True
Is 236083 prime?
False
Is 246401 a composite number?
True
Is 359363 a composite number?
True
Is 229373 a prime number?
True
Is 817679 prime?
True
Is 114326 composite?
True
Is 32345 a prime number?
False
Is 91493 composite?
False
Is 340477 a prime number?
True
Is 57259 composite?
False
Is 85055 a composite number?
True
Is 42421 composite?
True
Is 18413 a composite number?
False
Is 521 a composite number?
False
Is 13997 prime?
True
Is 63653 a prime number?
False
Is 916583 composite?
False
Is 18041 a composite number?
False
Is 5737 composite?
False
Is 1945013 prime?
False
Is 5079 prime?
False
Is 265 a prime number?
False
Is 12457 composite?
False
Is 3947 a prime number?
True
Is 136757 a prime number?
False
Is 86098 a prime number?
False
Is 179966 composite?
True
Is 3095 a composite number?
True
Is 1009 a composite number?
False
Is 22061 composite?
True
Is 4213 a composite number?
True
Is 16361 a composite number?
False
Is 46439 composite?
False
Is 951103 composite?
True
Is 2651 a composite number?
True
Is 8258